4040
100010 (base 2) to base 13
28
Convert -2011100110 (base 3) to base 8.
-123051
What is 101010111111 (base 2) in base 8?
5277
Convert -340 (base 9) to base 11.
-234
Convert -273 (base 16) to base 8.
-1163
What is 133a (base 11) in base 9?
2340
What is -219b (base 12) in base 10?
-3719
Convert 203011 (base 4) to base 12.
1371
What is 11 (base 12) in base 8?
15
Convert -254103 (base 6) to base 14.
-8503
Convert 4132 (base 7) to base 11.
10a3
Convert -130 (base 9) to base 10.
-108
Convert -ebea (base 15) to base 14.
-142b7
-18705 (base 9) to base 3
-122210012
-1001110101001 (base 2) to base 12
-2ab5
What is -81b8 (base 13) in base 16?
-45e8
What is -421 (base 7) in base 8?
-323
What is 171202 (base 8) in base 11?
42709
248 (base 11) to base 2
100100110
What is 2083 (base 9) in base 13?
90c
982b (base 12) to base 11
11638
Convert -1220011 (base 4) to base 14.
-25db
Convert -1a89 (base 12) to base 7.
-12354
Convert -1009 (base 14) to base 13.
-133a
-1504 (base 9) to base 15
-50d
-78 (base 9) to base 14
-51
Convert -109b (base 13) to base 12.
-1419
Convert 1161 (base 9) to base 10.
865
Convert -7bb (base 15) to base 14.
-8d1
What is 10022231 (base 4) in base 15?
50ce
-ad87 (base 14) to base 5
-1430412
-d6 (base 16) to base 10
-214
-101001010000 (base 2) to base 9
-3553
-111 (base 4) to base 10
-21
What is 504e (base 15) in base 14?
6269
What is 7a08 (base 14) in base 13?
983c
What is 3001334 (base 5) in base 4?
23133312
120110212 (base 3) to base 10
11282
What is 21200 (base 5) in base 13?
858
Convert 1123111 (base 4) to base 3.
22000111
1111100100 (base 2) to base 3
1100220
What is -121220 (base 3) in base 8?
-710
2100012 (base 3) to base 8
3252
What is 1321 (base 13) in base 14?
dd1
112110220 (base 3) to base 2
10100100111010
Convert -230023 (base 4) to base 13.
-1396
Convert -1148 (base 10) to base 12.
-7b8
-11a2 (base 13) to base 8
-4702
-3102 (base 7) to base 8
-2070
What is 742 (base 9) in base 12?
425
Convert -282a4 (base 11) to base 7.
-225311
Convert -3520 (base 11) to base 16.
-120c
22403 (base 6) to base 2
110001100011
What is -8300 (base 11) in base 9?
-16084
What is 4a8 (base 12) in base 15?
31e
356 (base 10) to base 14
1b6
-121400 (base 6) to base 4
-2213220
What is 285 (base 12) in base 14?
1db
5545 (base 13) to base 15
37c7
Convert 32541 (base 6) to base 13.
20a1
What is -42bf (base 16) in base 15?
-50e2
What is -daf (base 16) in base 2?
-110110101111
Convert -7403 (base 8) to base 15.
-1213
What is -1201100 (base 5) in base 8?
-53011
What is -221200 (base 4) in base 5?
-41111
Convert -15775 (base 8) to base 13.
-3352
Convert 276a (base 15) to base 2.
10000011101001
What is -23201 (base 8) in base 9?
-14462
What is -13907 (base 12) in base 14?
-9cc7
8494 (base 11) to base 15
34e0
cca (base 15) to base 6
21214
Convert -1c5 (base 14) to base 15.
-199
What is 1579 (base 10) in base 13?
946
10100001011 (base 2) to base 7
3523
c6d (base 15) to base 8
5363
-98d (base 14) to base 8
-3541
Convert -552 (base 16) to base 8.
-2522
-221112 (base 3) to base 11
-577
-2311 (base 4) to base 14
-cd
5020 (base 8) to base 10
2576
What is 1a23 (base 13) in base 14?
15da
Convert -5138 (base 9) to base 14.
-1529
Convert -330111 (base 6) to base 10.
-27259
13023 (base 7) to base 11
2654
Convert 141 (base 15) to base 3.
101121
Convert 2b52 (base 13) to base 5.
200240
What is 6524 (base 7) in base 9?
3158
Convert -1962 (base 10) to base 14.
-a02
What is 22465 (base 8) in base 14?
3685
-152233 (base 6) to base 8
-34675
10661 (base 7) to base 11
206a
-101222 (base 4) to base 9
-1485
What is -39948 (base 12) in base 3?
-11000112002
Convert 46618 (base 9) to base 15.
934b
Convert -235 (base 7) to base 2.
-1111100
What is 1cbd (base 14) in base 6?
40211
What is 3282 (base 10) in base 16?
cd2
Convert -427 (base 10) to base 3.
-120211
-1a3 (base 11) to base 16
-ea
Convert -1a889 (base 11) to base 2.
-111000101011000
What is -100424 (base 5) in base 9?
-4388
4317 (base 10) to base 14
1805
What is 338 (base 14) in base 6?
2542
What is 10010 (base 3) in base 9?
103
What is 819 (base 10) in base 13?
4b0
-18e6 (base 15) to base 10
-5391
Convert -450212 (base 6) to base 2.
-1001001100100000
What is 2982 (base 10) in base 11?
2271
53346 (base 7) to base 10
13215
What is 220122112 (base 3) in base 15?
54ce
Convert -c5a (base 13) to base 12.
-1273
1241 (base 7) to base 13
2a2
Convert -541 (base 11) to base 9.
-802
Convert 11351 (base 9) to base 4.
1312123
What is -155 (base 16) in base 14?
-1a5
-9982 (base 12) to base 9
-25218
Convert -2b5 (base 12) to base 3.
-120202
What is -374 (base 15) in base 7?
-2200
274 (base 15) to base 12
3a7
37a (base 11) to base 14
242
13112 (base 4) to base 9
572
68 (base 10) to base 9
75
Convert 1215 (base 7) to base 10.
453
-46b4 (base 15) to base 5
-440034
-10212 (base 4) to base 2
-100100110
-11711 (base 12) to base 4
-11232331
Convert 2c6 (base 15) to base 2.
1001111100
-22130 (base 9) to base 13
-68bb
What is -210203 (base 4) in base 8?
-4443
-25663 (base 11) to base 8
-107574
Convert -2203303 (base 4) to base 14.
-3b6b
What is -101101100001 (base 2) in base 14?
-10c1
What is 1e01 (base 16) in base 2?
1111000000001
21121220 (base 3) to base 14
2051
Convert 8d9 (base 15) to base 7.
5562
What is 403000 (base 6) in base 10?
31752
What is f4 (base 16) in base 4?
3310
-2481 (base 10) to base 16
-9b1
-17635 (base 8) to base 15
-25e8
Convert 1734 (base 9) to base 4.
110233
Convert e7f (base 16) to base 3.
12002110
Convert -66a1 (base 15) to base 16.
-54f7
What is 243443 (base 5) in base 6?
110452
What is 495 (base 15) in base 12?
728
What is 1357 (base 8) in base 15?
351
What is -1122120 (base 4) in base 13?
-282c
409 (base 14) to base 16
319
What is b4 (base 16) in base 14?
cc
Convert -62453 (base 7) to base 10.
-15326
-2010100111 (base 3) to base 16
-a351
10001110000110111 (base 2) to base 3
10200210210
Convert 17454 (base 8) to base 16.
1f2c
What is -1011 (base 3) in base 8?
-37
What is -1679 (base 12) in base 9?
-3613
-10100011110111 (base 2) to base 5
-313422
Convert -19105 (base 10) to base 15.
-59da
Convert -33631 (base 7) to base 9.
-12647
What is 2221100 (base 3) in base 4?
201132
Convert -3e (base 15) to base 12.
-4b
What is 21 (base 7) in base 12?
13
What is -25338 (base 11) in base 5?
-2130331
Convert 3213 (base 5) to base 8.
661
What is 131 (base 15) in base 8?
417
What is -17207 (base 10) in base 4?
-10030313
Convert -662 (base 9) to base 7.
-1403
Convert 52245 (base 6) to base 2.
1101101100101
What is -24450 (base 6) in base 8?
-7056
-123011 (base 4) to base 15
-7a8
-251 (base 9) to base 10
-208
Convert -bd37 (base 16) to base 10.
-48439
What is -7201 (base 9) in base 4?
-1102102
110002 (base 3) to base 10
326
Convert -3102 (base 4) to base 12.
-156
1012 (base 4) to base 10
70
Convert 197 (base 14) to base 11.
27a
Convert 321 (base 12) to base 2.
111001001
17697 (base 10) to base 8
42441
11331 (base 4) to base 14
1d3
-31204 (base 5) to base 7
-5663
What is 277a (base 11) in base 15?
10eb
-3237 (base 9) to base 12
-1467
Convert -426 (base 7) to base 3.
-22000
Convert 1031 (base 6) to base 13.
151
-821 (base 13) to base 12
-96b
21533 (base 7) to base 2
1010100100110
Convert -41bb (base 16) to base 12.
-98a3
What is -22836 (base 12) in base 10?
-46122
Convert -127 (base 13) to base 4.
-3022
What is -2474 (base 12) in base 16?
-1018
What is -1397 (base 14) in base 2?
-110110001001
41959 (base 11) to base 7
342661
-25377 (base 11) to base 8
-107040
What is 1152 (base 8) in base 2?
1001101010
What is -128 (base 12) in base 9?
-215
263a1 (base 13) to base 3
10121022111
Convert 7122 (base 8) to base 9.
5023
What is -1ba99 (base 14) in base 3?
-10120222100
Convert 205 (base 9) to base 6.
435
-21a (base 14) to base 4
-12200
What is 1010102122 (base 3) in base 10?
22184
Convert -2222212102 (base 3) to base 15.
-12702
Convert 6964 (base 11) to base 15.
2a9a
What is -66b (base 14) in base 13?
-76a
Convert 110010011011000 (base 2) to base 14.
95a0
What is -101314 (base 5) in base 4?
-310012
Convert 1513 (base 7) to base 14.
30a
What is 5be (base 15) in base 7?
3542
-1b2b (base 13) to base 16
-ffd
Convert 326 (base 13) to base 7.
1400
What is 7b7a (base 14) in base 3?
1002110021
Convert 715 (base 13) to base 15.
551
20c (base 13) to base